hat is the ten thousands digit of 629439878?
3
What is the tens digit of 66126724?
2
What is the tens digit of 145896317?
1
What is the tens digit of 3543048923?
2
What is the tens digit of 38931084?
8
What is the units digit of 40638885?
5
What is the units digit of 1156079630?
0
What is the hundreds digit of 940103670?
6
What is the thousands digit of 7525718?
5
What is the millions digit of 45993814?
5
What is the hundreds digit of 82354254?
2
What is the millions digit of 21834269?
1
What is the thousands digit of 45442191?
2
What is the thousands digit of 6058712?
8
What is the tens digit of 45276767?
6
What is the ten millions digit of 206623452?
0
What is the units digit of 1207068397?
7
What is the ten millions digit of 20109579?
2
What is the units digit of 2342341990?
0
What is the hundreds digit of 1693896835?
8
What is the hundreds digit of 681583400?
4
What is the thousands digit of 43017287?
7
What is the millions digit of 67559693?
7
What is the tens digit of 42640002?
0
What is the millions digit of 213743296?
3
What is the units digit of 931594253?
3
What is the ten thousands digit of 105099521?
9
What is the hundred thousands digit of 91925719?
9
What is the units digit of 28524200?
0
What is the hundred millions digit of 995122713?
9
What is the millions digit of 396156475?
6
What is the hundreds digit of 1369641828?
8
What is the units digit of 212487733?
3
What is the units digit of 206188459?
9
What is the thousands digit of 417732070?
2
What is the thousands digit of 20443419?
3
What is the hundred thousands digit of 103892916?
8
What is the tens digit of 13470050?
5
What is the units digit of 12384060?
0
What is the tens digit of 436732879?
7
What is the hundreds digit of 22938101?
1
What is the tens digit of 257756948?
4
What is the tens digit of 1415227831?
3
What is the ten thousands digit of 138163006?
6
What is the hundreds digit of 78111916?
9
What is the hundred millions digit of 532301957?
5
What is the thousands digit of 82718339?
8
What is the millions digit of 3514304?
3
What is the ten thousands digit of 10296441?
9
What is the millions digit of 73707272?
3
What is the hundreds digit of 1151579283?
2
What is the ten millions digit of 802143051?
0
What is the thousands digit of 147459686?
9
What is the hundreds digit of 6009974697?
6
What is the tens digit of 404575705?
0
What is the hundreds digit of 82202875?
8
What is the hundred millions digit of 217491662?
2
What is the thousands digit of 640574251?
4
What is the hundred thousands digit of 79076624?
0
What is the tens digit of 59424878?
7
What is the thousands digit of 4710089156?
9
What is the hundred thousands digit of 709739028?
7
What is the hundred millions digit of 155113680?
1
What is the ten thousands digit of 28099899?
9
What is the ten millions digit of 14474404?
1
What is the hundred thousands digit of 236901741?
9
What is the hundreds digit of 24604428?
4
What is the thousands digit of 22797357?
7
What is the ten thousands digit of 66344079?
4
What is the tens digit of 86939529?
2
What is the tens digit of 1560013261?
6
What is the thousands digit of 276650644?
0
What is the ten millions digit of 7154776874?
5
What is the ten thousands digit of 187888372?
8
What is the units digit of 2582178835?
5
What is the hundred thousands digit of 563941712?
9
What is the hundreds digit of 117415295?
2
What is the hundreds digit of 802561?
5
What is the tens digit of 100847433?
3
What is the hundred millions digit of 1370263294?
3
What is the units digit of 523474503?
3
What is the thousands digit of 309257975?
7
What is the thousands digit of 2843340115?
0
What is the thousands digit of 33579687?
9
What is the ten millions digit of 64162092?
6
What is the tens digit of 4359576?
7
What is the billions digit of 1673040560?
1
What is the ten millions digit of 2779902384?
7
What is the thousands digit of 259746694?
6
What is the hundred millions digit of 3496548606?
4
What is the hundred thousands digit of 271996455?
9
What is the units digit of 3178684738?
8
What is the hundred thousands digit of 343957578?
9
What is the hundreds digit of 667471646?
6
What is the hundred thousands digit of 55163903?
1
What is the ten thousands digit of 90008743?
0
What is the hundred thousands digit of 435505389?
5
What is the millions digit of 182050057?
2
What is the millions digit of 118703580?
8
What is the ten thousands digit of 248657061?
5
What is the tens digit of 945078140?
4
What is the tens digit of 17509970?
7
What is the units digit of 4663964968?
8
What is the tens digit of 225516237?
3
What is the units digit of 45351353?
3
What is the ten thousands digit of 386791181?
9
What is the tens digit of 385746395?
9
What is the ten millions digit of 700521580?
0
What is the millions digit of 241349644?
1
What is the ten millions digit of 62444532?
6
What is the ten thousands digit of 59065834?
6
What is the thousands digit of 244254813?
4
What is the hundred thousands digit of 340339523?
3
What is the hundred thousands digit of 5133858080?
8
What is the thousands digit of 909085249?
5
What is the hundred thousands digit of 4494636354?
6
What is the millions digit of 486152460?
6
What is the thousands digit of 6884613110?
3
What is the hundred millions digit of 354034152?
3
What is the ten thousands digit of 57426952?
2
What is the ten millions digit of 967409279?
6
What is the ten millions digit of 31068248?
3
What is the ten thousands digit of 42895317?
9
What is the billions digit of 6122006300?
6
What is the tens digit of 51284877?
7
What is the ten millions digit of 126590803?
2
What is the ten millions digit of 265729617?
6
What is the tens digit of 570529890?
9
What is the ten millions digit of 37217160?
3
What is the hundred thousands digit of 5999258291?
2
What is the millions digit of 41868191?
1
What is the tens digit of 97245757?
5
What is the units digit of 419981355?
5
What is the hundred thousands digit of 87525909?
5
What is the hundreds digit of 3429948508?
5
What is the ten millions digit of 84462146?
8
What is the thousands digit of 20220802?
0
What is the hundred millions digit of 106054543?
1
What is the millions digit of 9663050?
9
What is the hundreds digit of 52383819?
8
What is the tens digit of 64175615?
1
What is the thousands digit of 123493551?
3
What is the ten millions digit of 129104087?
2
What is the hundred thousands digit of 202695425?
6
What is the thousands digit of 544307114?
7
What is the ten thousands digit of 255808829?
0
What is the hundred thousands digit of 191089031?
0
What is the hundred millions digit of 3388318053?
3
What is the billions digit of 2282184619?
2
What is the thousands digit of 275952255?
2
What is the hundred thousands digit of 789363465?
3
What is the millions digit of 52016257?
2
What is the hundreds digit of 5368322707?
7
What is the units digit of 1644448845?
5
What is the ten thousands digit of 188796756?
9
What is the millions digit of 29566614?
9
What is the ten millions digit of 49641671?
4
What is the millions digit of 39382316?
9
What is the hundreds digit of 21711938?
9
What is the thousands digit of 74167642?
7
What is the ten thousands digit of 37059428?
5
What is the hundreds digit of 552595756?
7
What is the units digit of 60491258?
8
What is the ten thousands digit of 403372509?
7
What is the ten thousands digit of 13468786?
6
What is the units digit of 158166683?
3
What is the hundred thousands digit of 2658975114?
9
What is the thousands digit of 70960871?
0
What is the millions digit of 73020002?
3
What is the hundreds digit of 100801920?
9
What is the units digit of 228196453?
3
What is the thousands digit of 6373314644?
4
What is the billions digit of 8236792994?
8
What is the ten thousands digit of 132067708?
6
What is the millions digit of 122307141?
2
What is the ten millions digit of 86889677?
8
What is the tens digit of 62001332?
3
What is the ten thousands digit of 140706656?
0
What is the tens digit of 389687525?
2
What is the hundred millions digit of 1075134620?
0
What is the units digit of 35861599?
9
What is the tens digit of 4291160?
6
What is the hundreds digit of 178569145?
1
What is the ten thousands digit of 4238525538?
2
What is the tens digit of 4672193631?
3
Wh